 = 31, 0*q + 13 = 4*q - 5*h. Let w be c(q). Calculate a(w).
-6
Let s(o) be the second derivative of o**5/20 + o**4/12 - o**2 + 8*o. What is s(0)?
-2
Let h(r) = -7*r**2 + 2*r - 1. Let k = 8 + -2. Suppose -k*a = i - a - 6, 3*a = 3. What is h(i)?
-6
Suppose 90 = 4*k + 30. Suppose 5*d + 25 = -3*y, -3*y + 4*y + k = -5*d. Let t(o) be the second derivative of o**5/20 - o**3/2 - o**2 + 14*o. What is t(d)?
-4
Let o(i) = -i**2 - 2*i + 1. Let d be o(-3). Let y(b) = 3*b**3 - 5*b**2 - 15*b - 9. Let j(x) = x**3 - 3*x**2 - 7*x - 4. Let v(t) = d*y(t) + 5*j(t). Give v(-4).
2
Let u be -5 - -1*0/1. Let i(h) = 3*h + 5. Give i(u).
-10
Suppose -5*l - 1 + 6 = 0. Let d be l - 2 - (-3 + -1). Let c be (-9)/(-12)*12/d. Let g(o) = -2*o**2 + 5*o - 2. Calculate g(c).
-5
Let c(y) be the third derivative of -y**4/6 - y**3/2 - 7*y**2. Give c(-4).
13
Let n(s) = -s**2 + 13*s + 51. Let j be n(16). Let y(k) be the second derivative of k**3/3 - 3*k**2/2 + k. Give y(j).
3
Let j(a) = 4*a - 9. Let i(l) = 8*l + l - 2 + 2*l - 24. Let w(k) = 6*i(k) - 17*j(k). Determine w(3).
-9
Let d = 17 + -7. Suppose -d + 2 = -4*t. Let f(b) = -1 - 2 - 2 - b**2 + 4*b + 4. What is f(t)?
3
Let k(d) be the second derivative of -d**3/3 + d**2/2 + 11*d. Let q(x) = -x**3 + 7*x**2 + 8*x - 3. Let v be q(8). Let l = v + 2. Determine k(l).
3
Let z = 23 - 21. Let c(g) = -2*g + 1. What is c(z)?
-3
Let m(s) = -7*s**2 + 2*s - 6. Let f(b) = 7*b**2 - b - 4*b + b + 2*b + 5. Let y(n) = 7*f(n) + 6*m(n). Determine y(-1).
8
Suppose -2 = -4*f + 2. Let x be (-1)/((f/3)/1). Let c(a) = -3*a - 2. Give c(x).
7
Let z(r) = 0*r - 7 - 3*r + 10. Give z(2).
-3
Let k be -6*(-2)/3*1. Let b be 4/(-8) + (-30)/(-4). Let i(y) = -11 - 2*y**2 + 16 - b*y + 4*y**2. Calculate i(k).
9
Suppose 5*n - 2*n = 9. Let y(q) = -1 + 3*q + n*q + 4*q. What is y(1)?
9
Suppose 85 + 35 = 20*h. Let j(c) = -c - c**2 + 9*c - 2 - 6. Calculate j(h).
4
Let z(b) = b - 3. Let x be z(6). Suppose 2 = -4*t - x*s + 5, -2*t + 4*s = -18. Let a(i) = 2*i**2 - 3*i - 2. Give a(t).
7
Let p(t) = -2 - t - 1 + 0*t - t. Give p(-3).
3
Let t(j) = -j**3 + 4*j**2 + 2*j + 4. Let k be (-1 + -2)/(-3)*-1. Let o be (-1)/(-3)*(16 + k). Determine t(o).
-11
Let i(h) be the second derivative of h**5/10 + h**4/6 - h**3/3 + h. Give i(-2).
-4
Let k(o) be the third derivative of -o**5/60 - 4*o**3/3 + 2*o**2. What is k(0)?
-8
Suppose 0*x + 3 = -x + l, 0 = -4*x + 5*l - 16. Let h(y) = -6*y**2 + 1. Give h(x).
-5
Suppose -3 - 24 = 3*t. Let s(x) be the first derivative of 4*x**3/3 - 6*x**2 + 17*x - 2. Let w(o) = -o**2 + 3*o - 4. Let j(u) = t*w(u) - 2*s(u). Calculate j(4).
6
Suppose 2 = -d + 2*d. Let p(a) = 2 - 6*a + d*a + a. What is p(-3)?
11
Let n(m) = m**2 - 2*m - 4. Let h(r) be the first derivative of -r**4/4 + 7*r**3/3 - 2*r**2 - 8*r + 2. Let v be h(6). Determine n(v).
4
Let d be 3/(0 + (-1)/2). Suppose 4*w + 8 = 64. Let p(i) = -1 + 0*i + w + i. Give p(d).
7
Let t(u) = -5*u + 1. Suppose 3*c + 4*i - 40 = 5*i, i = -4. Suppose -3*z - z + c = 0. Let s be z + (2 + -3 - 3). Calculate t(s).
6
Suppose -5*g + 17 = 2. Let v = g + -1. Let o(h) = 5*h**3 - 4*h**3 - 6*h**2 - 4 + h**v. Determine o(5).
-4
Let v(g) = g**3 - 7*g**2 + 4*g + 1. Let a(y) = y**2 + 12*y + 38. Let r be a(-8). What is v(r)?
-11
Let j(n) = n**3 - 4*n**2 - 5*n - 4. Suppose q - 6*q = -25. Let p be j(q). Let y be (3/(-6))/((-1)/p). Let i(r) = 2*r. What is i(y)?
-4
Let v(b) be the third derivative of -b**4/4 - 20*b**2. What is v(1)?
-6
Let g(y) = 5*y - 1. Let c(h) = -7*h + 26. Let k be c(4). Determine g(k).
-11
Suppose -3*c = 2*b + 2*c - 13, -5 = -b - c. Let d(q) = -q**3 + 5*q**2 - 2*q + 3. What is d(b)?
11
Let j(y) = -2*y + 1. Let o be j(-2). Let f(k) = -k**3 + 4*k**2 + 8*k - 3. Give f(o).
12
Let i(x) = 2*x + 5. Let w(f) = f. Let c(k) = i(k) - 3*w(k). Determine c(5).
0
Let m = 8 + -5. Let y(z) = z - 2*z + m*z. Suppose 8 = 3*j + j. Determine y(j).
4
Suppose -22 = 3*u - 19. Let s(r) be the second derivative of 7*r**5/20 - r**4/12 - 5*r. Give s(u).
-8
Let h(y) = y**2 - 6*y + 1. Let u be (-1)/(6/(-4) - -1). Suppose -5*k + 5*g = -15, k + g - 9 = -u*k. Calculate h(k).
-8
Let o = 29 + -27. Let k(h) = h**2 + h. Give k(o).
6
Let p(a) be the third derivative of 7/60*a**5 + 0*a + 4/3*a**3 + 0 - 1/120*a**6 + a**2 - 3/8*a**4. Calculate p(6).
-10
Let o be 1/(-3) - (-13)/3. Suppose -o*h - 11 = -3. Let t(l) be the second derivative of -l**4/12 - 10*l. Give t(h).
-4
Let n(f) = f**3 - 5*f**2 - 4. Let u(k) = k**3 - 5*k**2 + k - 4. Let z(d) = -4*n(d) + 5*u(d). Suppose -3*v - 1 = -5*i - 3, 0 = 2*v + 4*i - 16. Calculate z(v).
0
Let r be 4/(-40)*-6*5. Let m(j) = -4*j**2 + 3 - j**3 + 3*j**3 - j**3. What is m(r)?
-6
Let o = 8 - 14. Let f(q) be the first derivative of -5*q**2/2 - 21*q + 1. Let n(r) = -r - 4. Let c(t) = 2*f(t) - 11*n(t). Calculate c(o).
-4
Let a = -52 + 48. Let y(w) = w**3 + 4*w**2 + w + 4. Give y(a).
0
Let q(h) = -h**2 - 2*h - 2. Let g(r) be the third derivative of r**4/24 + r**3/3 + 3*r**2. Let z be g(-4). Determine q(z).
-2
Let w(f) = -f**3 - 4*f**2 + 2*f - 6. Let k(c) = c + 4. Let v be k(-9). Determine w(v).
9
Let f(r) be the first derivative of -7*r**2/2 - r + 2. What is f(-2)?
13
Let z = -204 + 203. Let w(u) = -12*u**2 + 2*u + 1. Calculate w(z).
-13
Let q(l) = 2*l**2 + 3*l. Let g be q(-2). Let z be ((-1)/g)/((-2)/(-24)). Let a(h) = -h**2 - 6*h - 7. Give a(z).
-7
Let b(i) = i**2 - 2*i. Let q be b(3). Let f(h) = -4*h**2 + h + 3*h**3 - h**3 - h**q - 3. Let o = 5 + -1. Calculate f(o).
1
Let v be 15 - 2/(-4)*-6. Let m = 20 - v. Let o(j) = j**2 - 8*j + 1. Calculate o(m).
1
Let g(f) be the first derivative of f**4/2 - f**3/3 - f**2/2 - 18. Determine g(2).
10
Suppose -c - 9 + 4 = 0. Let g(n) = 4*n + 19. Let i(k) = -2*k - 9. Let h(o) = o - 5. Let v be h(-4). Let w(q) = v*i(q) - 4*g(q). Determine w(c).
-5
Let j(x) = -x**3 + 0*x**2 - 2*x - 2*x**2 + 2 + 3*x**3. Let t(h) = 6*h**2 - h + 15 - 18 + h**3 + 5*h. Let o be t(-5). Determine j(o).
6
Let h = -13 - -13. Let s = 1 - -2. Let d(z) = 4 + 4*z - s*z + 0. What is d(h)?
4
Let j be (-8)/(-1 + (-2 - -1)). Suppose -y + 5*l - 1 = j, -l + 1 = 0. Let z(t) be the second derivative of -t**4/12 - 3*t**2/2 + 2*t. Calculate z(y).
-3
Let j(n) = -n + 3*n - 19 + 10. Let w be j(5). Let y(v) = 1 - v**3 - 4 + 2 + v. Determine y(w).
-1
Let r(q) = 2 - 51*q + 52*q - 1. Calculate r(-4).
-3
Let z(j) = 9*j**2 - j. Let a = 8 - 6. Suppose 0*c = -5*c - o - 28, -4*c - 20 = a*o. Let d = 5 + c. Calculate z(d).
10
Let f be (9/6)/(1/2). Let j(t) = 0*t**2 + 1 + 2*t + 6*t - t**2 - 2*t. Calculate j(f).
10
Suppose 0 = -5*p + 1 - 26, v = -5*p - 23. Let q(j) = j**2 + 12*j + 14. Let s be q(-11). Let k(i) = 1 - s*i + 2 - 2*i + 0. Give k(v).
-7
Let z be (-13)/(-5) - 12/20. Let i(j) = 4*j - 1. Calculate i(z).
7
Suppose 0*b = b - 4. Suppose -b*l - l = 0. Let f(u) = 7 + 5*u - 4*u + 0. Give f(l).
7
Suppose -4*l - 18 = -l. Let x(k) = -k**3 - 7*k**2 - 6*k + 6. Determine x(l).
6
Let a(g) = -g**3 + 4*g**2 - 5. Let l = 5 - 5. Suppose l = 5*k - 12 - 8. Give a(k).
-5
Let g(u) = u + 1. Suppose 0*a - 3*a - 4*x + 11 = 0, 0 = -x - 4. Suppose 3*w + 3 = -3*m, -m = -0*m - w + a. What is g(m)?
-4
Let j = 7 + -1. Let x(d) = -3*d**2 - 7*d + 3*d**2 + d**2 + 1 + 4. Calculate x(j).
-1
Let a(l) = -3*l**2 - 5*l + 15. Let j(u) = -5*u**2 - 7*u + 23. Let n be (-1)/5 - 322/(-10). Suppose -5*c = -c + n. Let m(x) = c*a(x) + 5*j(x). Determine m(5).
-5
Suppose -5 = 4*f - 3*f. Let m(n) = -n**3 - n**2 + 4*n + 2. Let w be m(-3). Let u = w + f. Let y(q) = -q**3 + 3*q**2 + q + 2. Give y(u).
5
Let j be ((-3 - -1) + 2)/(-3). Let n(p) = -p**2 - 34 + 78 - 38 - p. Determine n(j).
6
Suppose 14 = l - 4*k, -5*l + 7*k + 40 = 2*k. Let x(i) = -i**2 + 6*i - 3. Calculate x(l).
-3
Let z(t) = -2*t**2 + t - 3. Let w(h) = -h**2 - 1. Let m(r) = -7*w(r) + 4*z(r). Let a(p) = p**3 + 4*p**2 - 5*p + 5. Let i be a(-5). What is m(i)?
-10
Let m(c) = c**3 - 9*c**2 + 9*c - 8. Suppose -3*a - h = -0*a - 20, a - 5*h - 28 = 0. Let n be m(a). Let f(x) = -x**2 - 6. What is f(n)?
-6
Let q = 0 + 0. Suppose q*g - 2*g + 21 = -3*d, -40 = -5*g + 5*d. Let z(k) = 5*k - 5. Let t(y) = -4*y + 5. Let m(i) = -4*t(i) - 3*z(i). Calculate m(g).
-2
Let l(v) be the third derivative of -v**5/60 - 5*v**4/24 - v**3/3 + 40*v**2. Give l(-3).
4
Let t(a) = a**2 - 6*a + 2. Let m be -7*1/1 - -2. Let c be 6/m*(-30)/9. Suppose -13 = c*z - 33. What is